 = 3*a - 87, 0 = -3*a + 5*a + 4*n - 62. Let w = -16 + a. What is the highest common factor of w and m?
11
Let j be 2 + (57 + 0 - 2) + -3. Calculate the greatest common divisor of j and 6.
6
Let m be 8/(-28) + 46/14. Let y(n) = 3*n + 0*n**2 - 2 - 5*n + n**3 - 2*n**2. Let p be y(m). What is the highest common divisor of 8 and p?
1
Suppose 3*z - b = 0, 5*z + 2*b - 10 = 1. Calculate the greatest common factor of z and 8.
1
Let j(g) = -g**2 - 10*g - 6. Let b be j(-7). Suppose 4*q = 7*q + 3*d + b, q - 5*d = 25. Suppose q*s - s = -8. Calculate the greatest common factor of 40 and s.
8
Suppose 3*c - 12 = 0, 0 = -y + 6*y - 3*c - 168. Let p = 132 - 114. What is the greatest common divisor of p and y?
18
Suppose -3*t = 2*t - 1045. Calculate the highest common divisor of t and 19.
19
Let m be (-144)/(-12) - (-2)/(-2). What is the greatest common divisor of 55 and m?
11
Suppose -5*d + 6*d - 160 = 0. Calculate the highest common divisor of 10 and d.
10
Let f = -5 - -21. Let l = 16 - 24. Let r = -4 - l. What is the greatest common divisor of r and f?
4
Let w be ((-558)/45)/(2/(-5)). What is the highest common divisor of 341 and w?
31
Suppose 0*k - 21 = -3*k. What is the greatest common divisor of 35 and k?
7
Let f(x) = -x**3 - 6*x**2 + 2*x - 12. Let u be f(-7). What is the highest common factor of 161 and u?
23
Let v(p) = -p**3 - 5*p**2 + 6. Let w be -1*12/(6/3). Let g be v(w). Calculate the greatest common divisor of g and 28.
14
Suppose -42 = -3*y + y. Calculate the highest common factor of 7 and y.
7
Let y(h) = 2*h**2 + 4*h + 5. Let n be y(-6). Suppose g = -6*x + 3*x + n, 0 = 3*g - 3*x - 99. Calculate the greatest common divisor of g and 57.
19
Suppose 67 = -3*q + 283. Let z = q + -112. Let g = 61 + z. What is the highest common factor of 21 and g?
21
Let l(u) = 3*u - 3. Suppose 2*z = 4 + 2. Let w be l(z). Calculate the highest common factor of 54 and w.
6
Let k = -146 - -237. Calculate the greatest common factor of 13 and k.
13
Let u(v) = 11*v**2 + 4*v - 7. Let y be u(2). What is the highest common divisor of y and 5?
5
Let x be 15/(-2)*(4 - 6). Suppose -5*b = d - 18, d - 6 = b - 2*d. Suppose -2*p - 4*m + 55 = -b*m, 15 = -3*m. Calculate the highest common factor of x and p.
15
Suppose q - 3*u + 16 = 5*q, 2*u = 8. What is the highest common factor of 2 and q?
1
Let d(l) = -2*l + 2. Let n be d(-11). Let v(i) = i**2 + 9*i. Let t be v(-9). Let p be -4*(-27)/(t - -3). What is the greatest common divisor of n and p?
12
Let x = -8 - -18. Calculate the greatest common divisor of x and 5.
5
Let u be (2 + -5)/(1/(-5)). What is the greatest common factor of u and 6?
3
Let k be 16 + -5 - -4*1. What is the highest common divisor of k and 45?
15
Let o(h) = -2*h - 3. Let s be o(3). Let p = 25 + s. Calculate the greatest common divisor of 8 and p.
8
Suppose 1 = i - 1. Suppose 0 = i*b - 5 - 17. What is the greatest common factor of 33 and b?
11
Let o(s) = 2*s**2 - 6*s + 3. Let l be o(4). Let m(i) = -i. Let t be m(-3). Suppose 308 = d + t*d. Calculate the highest common factor of l and d.
11
Let c be 5/2*1/(4/376). Calculate the greatest common divisor of c and 47.
47
Let t = -59 + 134. Calculate the greatest common divisor of 15 and t.
15
Let c be ((-9)/6)/((-36)/4200). What is the highest common divisor of c and 25?
25
Let r = 134 + -50. Let z be r*(24/(-9))/(-4). Calculate the greatest common divisor of 8 and z.
8
Suppose 6*u - 78 = -0*u. Let p = -9 + u. Calculate the greatest common divisor of 44 and p.
4
Let v be 103 - ((2 - 1) + 2). Calculate the highest common factor of v and 25.
25
Suppose p = -4, 2*v - 82 = 3*p - 34. What is the highest common factor of 6 and v?
6
Let v = 174 - 114. What is the greatest common divisor of v and 48?
12
Let b(p) = -7*p - 1 + 0*p**2 + 1 - p**2. Let f be b(-5). What is the highest common divisor of f and 80?
10
Let h be (-15 - 1)/((-1)/1). Suppose 4*a - h = -5*w, -w + a + 5 = -0*w. Suppose w*q + q - 20 = 0. What is the greatest common factor of 6 and q?
2
Let i be 8 - -6 - (-2 + 5). Calculate the highest common factor of i and 66.
11
Let g be 2/(-6) - 325/(-39). Calculate the highest common divisor of g and 16.
8
Let v = -25 - -80. Let t = -9 - -20. What is the highest common divisor of v and t?
11
Let w = -39 - -77. Let v = 4 + w. Suppose 5 = -4*h - 2*m + 61, -m = -3*h + v. What is the greatest common divisor of h and 14?
14
Suppose -4*v + 102 = -2*d, 0*v = -5*v + 4*d + 123. Calculate the highest common factor of v and 9.
9
Let p = 1 - -1. Suppose -u + 4*f + 43 = 6*f, -86 = -2*u + 4*f. Suppose -13 = p*q - u. Calculate the highest common factor of q and 75.
15
Let f(o) = -o. Let w be f(-1). Let r(l) = l**2 + l. Let u be r(-1). Let b = 3 + u. Calculate the highest common factor of b and w.
1
Suppose 0*k - 12 = -4*k. Suppose 0*d = 3*d - k. What is the greatest common factor of d and 4?
1
Let l(p) = 6*p + 4. Let i be l(4). Suppose -5*r = 3*d - 13, -4*d + 4 = 4*r - 0. Let y be (-576)/(-40) - 2/r. Calculate the greatest common factor of y and i.
14
Suppose -t - 3*t + 5*x - 15 = 0, -3*t - 11 = -4*x. Let c be (2/(-4))/(t/40). Let r be ((-32)/(-10))/(c/130). Calculate the greatest common factor of 13 and r.
13
Let a be (12/20 + -1)/(4/(-360)). What is the greatest common divisor of a and 9?
9
Let y = 3 + -3. Suppose c + y*c = 2. Let q = -6 + 8. Calculate the greatest common factor of c and q.
2
Suppose 5*g = -v + 22, 3*g - 20 = v - 5*v. Let j = -6 + 5. Let u be 1/j*32/(-2). What is the highest common divisor of u and g?
4
Suppose b = 5*j, -2*b + 0*b - 2*j = -36. Suppose 4*u - b - 5 = 0. Suppose 7*y - 3*y = 4, -2*g = u*y - 13. Calculate the highest common factor of 16 and g.
4
Suppose -3*i = i - 4*g - 20, -4*i - 3*g + 41 = 0. Suppose 100 = -c - 5. Let b = c + 177. Calculate the highest common factor of b and i.
8
Let m(g) be the first derivative of 27*g**4/2 + g**3/3 + 3. Let q be m(1). Calculate the highest common divisor of q and 5.
5
Let x be (-1)/(-3) + 298/6 + 3. What is the highest common divisor of 265 and x?
53
Let g(f) = 2*f + 77. Let r be g(-20). Calculate the highest common factor of r and 296.
37
Let s be -3 - (-4 + -1 + -3). Let i = 6 - s. Calculate the highest common divisor of 4 and i.
1
Let l be 3/(-1 - (-58)/52). Suppose -6*a + 6 = -3*a. Let p be 65/a*(-48)/(-40). What is the highest common divisor of l and p?
13
Let n = -114 + 124. What is the greatest common factor of 40 and n?
10
Suppose 3*u = 2*u + 45. Let q = -15 + 0. Let k be (0 + 1)/((-3)/q). What is the greatest common divisor of u and k?
5
Suppose 7 = 4*h + 19. Let g = -1 - h. What is the greatest common factor of 12 and g?
2
Let i(b) = -2*b - 4. Let y be i(-8). Calculate the greatest common divisor of y and 30.
6
Let g be -3*((-7)/12)/((-12)/(-48)). Calculate the highest common divisor of g and 1.
1
Suppose -5*z - 257 = -2*q - 0*z, 0 = 4*q - 3*z - 493. Let v = -379 - -390. What is the greatest common divisor of v and q?
11
Let z = -71 - -136. Let f be (-1)/((3 + -4)/26). Calculate the highest common factor of z and f.
13
Let x(v) = 83*v**2 + 3*v + 4. Let h be x(3). Suppose 3*c + h = 8*c. Calculate the greatest common factor of c and 19.
19
Suppose -9 - 1 = -5*s. Let y be 1 - (s - 7*13). Let r be (6/(-4))/((-1)/24). Calculate the highest common divisor of r and y.
18
Suppose 2*o + 2*d = 15 + 19, 0 = o + 2*d - 14. Calculate the greatest common divisor of 5 and o.
5
Let i = 0 - -4. Let y be 42/i*(-1 - -5). Calculate the greatest common factor of 6 and y.
6
Let j(b) = 7*b - 14. Let d be j(8). Calculate the greatest common factor of d and 6.
6
Let m = -42 - -84. Let s be ((-6)/(-18))/(2/m). What is the greatest common divisor of s and 77?
7
Suppose -2*v = 2*v + 4. Let q(m) = -2*m. Let k be q(v). Calculate the greatest common factor of k and 4.
2
Let b = -88 - -136. Calculate the greatest common divisor of 120 and b.
24
Let b = -8 - -10. Suppose -12 = -4*i + i - b*p, 3*p + 20 = 5*i. Calculate the greatest common divisor of 2 and i.
2
Let h(j) = -4*j + 15. Let i(a) = -a + 1. Let m(o) = -h(o) + 6*i(o). Let n = -2 - 7. Let t be m(n). Calculate the greatest common factor of t and 36.
9
Suppose -3*w + 3*c + 6 = 0, -w = -2*w + 2*c + 1. Let k be (1 - w) + 58/1. Suppose -1 + 15 = 2*n. What is the greatest common divisor of n and k?
7
Let m be 3/(-3) + (-12)/1. Let s = 23 + m.